{"id":576,"date":"2022-06-12T17:55:55","date_gmt":"2022-06-12T20:55:55","guid":{"rendered":"https:\/\/moliveirapintoadvocacia.com.br\/?page_id=576"},"modified":"2022-08-19T19:59:02","modified_gmt":"2022-08-19T22:59:02","slug":"quem-somos","status":"publish","type":"page","link":"https:\/\/moliveirapintoadvocacia.com.br\/index.php\/quem-somos\/","title":{"rendered":"Quem Somos"},"content":{"rendered":"\t\t<div data-elementor-type=\"wp-post\" data-elementor-id=\"576\" class=\"elementor elementor-576\">\n\t\t\t\t\t\t\t\t\t<section class=\"elementor-section elementor-top-section elementor-element elementor-element-db9bfcf elementor-section-height-min-height elementor-section-stretched elementor-section-boxed elementor-section-height-default elementor-section-items-middle\" data-id=\"db9bfcf\" data-element_type=\"section\" data-settings=\"{&quot;stretch_section&quot;:&quot;section-stretched&quot;,&quot;background_background&quot;:&quot;classic&quot;}\">\n\t\t\t\t\t\t<div class=\"elementor-container elementor-column-gap-default\">\n\t\t\t\t\t<div class=\"elementor-column elementor-col-100 elementor-top-column elementor-element elementor-element-e103c5a\" data-id=\"e103c5a\" data-element_type=\"column\">\n\t\t\t<div class=\"elementor-widget-wrap elementor-element-populated\">\n\t\t\t\t\t\t\t\t<div class=\"elementor-element elementor-element-e3bdda4 elementor-widget elementor-widget-heading\" data-id=\"e3bdda4\" data-element_type=\"widget\" data-widget_type=\"heading.default\">\n\t\t\t\t<div class=\"elementor-widget-container\">\n\t\t\t<style>\/*! elementor - v3.6.5 - 27-04-2022 *\/\n.elementor-heading-title{padding:0;margin:0;line-height:1}.elementor-widget-heading .elementor-heading-title[class*=elementor-size-]>a{color:inherit;font-size:inherit;line-height:inherit}.elementor-widget-heading .elementor-heading-title.elementor-size-small{font-size:15px}.elementor-widget-heading .elementor-heading-title.elementor-size-medium{font-size:19px}.elementor-widget-heading .elementor-heading-title.elementor-size-large{font-size:29px}.elementor-widget-heading .elementor-heading-title.elementor-size-xl{font-size:39px}.elementor-widget-heading .elementor-heading-title.elementor-size-xxl{font-size:59px}<\/style><h1 class=\"elementor-heading-title elementor-size-default\">QUEM SOMOS<\/h1>\t\t<\/div>\n\t\t\t\t<\/div>\n\t\t\t\t<div class=\"elementor-element elementor-element-497b4fb elementor-widget elementor-widget-text-editor\" data-id=\"497b4fb\" data-element_type=\"widget\" data-widget_type=\"text-editor.default\">\n\t\t\t\t<div class=\"elementor-widget-container\">\n\t\t\t<style>\/*! elementor - v3.6.5 - 27-04-2022 *\/\n.elementor-widget-text-editor.elementor-drop-cap-view-stacked .elementor-drop-cap{background-color:#818a91;color:#fff}.elementor-widget-text-editor.elementor-drop-cap-view-framed .elementor-drop-cap{color:#818a91;border:3px solid;background-color:transparent}.elementor-widget-text-editor:not(.elementor-drop-cap-view-default) .elementor-drop-cap{margin-top:8px}.elementor-widget-text-editor:not(.elementor-drop-cap-view-default) .elementor-drop-cap-letter{width:1em;height:1em}.elementor-widget-text-editor .elementor-drop-cap{float:left;text-align:center;line-height:1;font-size:50px}.elementor-widget-text-editor .elementor-drop-cap-letter{display:inline-block}<\/style>\t\t\t\t<p style=\"text-align: cent;\">\u00a0 \u00a0 \u00a0 \u00a0 \u00a0 \u00a0 \u00a0 \u00a0 \u00a0Somos o <strong style=\"letter-spacing: 0px;\">MACHADO OLIVEIRA PINTO SOCIEDADE INDIVIDUAL DE ADVOCACIA<\/strong><\/p><p>\u00a0 \u00a0 \u00a0 \u00a0 \u00a0 \u00a0 \u00a0 \u00a0 Escrit\u00f3rio de advocacia localizado na cidade de Lorena-SP, que atua em quest\u00f5es trabalhistas, defendendo o direito dos empregados e da empresa, atuando na solu\u00e7\u00e3o e preven\u00e7\u00e3o de lit\u00edgios, tamb\u00e9m trabalhamos com o direito previdenci\u00e1rio, resolvendo quest\u00f5es junto ao INSS, seja na concess\u00e3o de aposentadorias e benef\u00edcios por incapacidade, seja nas revis\u00f5es de aposentadorias, e ainda contamos com atua\u00e7\u00e3o na \u00e1rea c\u00edvel, especialmente junto ao direito de fam\u00edlia, invent\u00e1rios e direito empresarial. Possu\u00edmos uma equipe qualificada e preparada para realizar o atendimento, observando a \u00e9tica e trabalhando com excel\u00eancia e respeito. As instala\u00e7\u00f5es do escrit\u00f3rio oferecem conforto, com v\u00e1rias salas de atendimento, sala de reuni\u00f5es, espa\u00e7o para audi\u00eancias virtuais, e espa\u00e7o administrativa para auxiliar os segurados nos procedimentos eletr\u00f4nicos do INSS.<\/p><p>\u00a0 \u00a0 \u00a0 \u00a0 \u00a0 \u00a0 \u00a0 \u00a0 Na forma da nossa Constitui\u00e7\u00e3o da Rep\u00fablica, os direitos sociais como a educa\u00e7\u00e3o, a sa\u00fade, a alimenta\u00e7\u00e3o, o trabalho, a moradia, o transporte, o lazer, a seguran\u00e7a, a previd\u00eancia social, a prote\u00e7\u00e3o \u00e0 maternidade e \u00e0 inf\u00e2ncia e a assist\u00eancia aos desamparados, s\u00e3o defendido por nossos profissionais do direito.<\/p><p>\u00a0 \u00a0 \u00a0 \u00a0 \u00a0 \u00a0 \u00a0 \u00a0 \u00a0 Acreditamos que a defesa do direito \u00e9 um dever para com a sociedade e trabalhamos para que nossos clientes tenham assegurados os seus direitos e alcancem seus objetivos.<\/p>\t\t\t\t\t\t<\/div>\n\t\t\t\t<\/div>\n\t\t\t\t\t<\/div>\n\t\t<\/div>\n\t\t\t\t\t\t\t<\/div>\n\t\t<\/section>\n\t\t\t\t<section class=\"elementor-section elementor-top-section elementor-element elementor-element-4f8385c9 elementor-section-content-middle elementor-reverse-mobile elementor-section-stretched elementor-section-boxed elementor-section-height-default elementor-section-height-default\" data-id=\"4f8385c9\" data-element_type=\"section\" id=\"contact\" data-settings=\"{&quot;background_background&quot;:&quot;classic&quot;,&quot;stretch_section&quot;:&quot;section-stretched&quot;}\">\n\t\t\t\t\t\t<div class=\"elementor-container elementor-column-gap-no\">\n\t\t\t\t\t<div class=\"elementor-column elementor-col-50 elementor-top-column elementor-element elementor-element-487c15ab\" data-id=\"487c15ab\" data-element_type=\"column\">\n\t\t\t<div class=\"elementor-widget-wrap elementor-element-populated\">\n\t\t\t\t\t\t\t\t<div class=\"elementor-element elementor-element-3f65917 elementor-widget elementor-widget-google_maps\" data-id=\"3f65917\" data-element_type=\"widget\" data-widget_type=\"google_maps.default\">\n\t\t\t\t<div class=\"elementor-widget-container\">\n\t\t\t<style>\/*! elementor - v3.6.5 - 27-04-2022 *\/\n.elementor-widget-google_maps .elementor-widget-container{overflow:hidden}.elementor-widget-google_maps iframe{height:300px}<\/style>\t\t<div class=\"elementor-custom-embed\">\n\t\t\t<iframe frameborder=\"0\" scrolling=\"no\" marginheight=\"0\" marginwidth=\"0\"\n\t\t\t\t\tsrc=\"https:\/\/maps.google.com\/maps?q=Rua%20Godoy%20Neto%2C%20123%2C%20Olaria&#038;t=m&#038;z=20&#038;output=embed&#038;iwloc=near\"\n\t\t\t\t\ttitle=\"Rua Godoy Neto, 123, Olaria\"\n\t\t\t\t\taria-label=\"Rua Godoy Neto, 123, Olaria\"\n\t\t\t><\/iframe>\n\t\t<\/div>\n\t\t\t\t<\/div>\n\t\t\t\t<\/div>\n\t\t\t\t\t<\/div>\n\t\t<\/div>\n\t\t\t\t<div class=\"elementor-column elementor-col-50 elementor-top-column elementor-element elementor-element-28508fa0\" data-id=\"28508fa0\" data-element_type=\"column\">\n\t\t\t<div class=\"elementor-widget-wrap elementor-element-populated\">\n\t\t\t\t\t\t\t\t<div class=\"elementor-element elementor-element-5093cedf elementor-widget elementor-widget-heading\" data-id=\"5093cedf\" data-element_type=\"widget\" data-widget_type=\"heading.default\">\n\t\t\t\t<div class=\"elementor-widget-container\">\n\t\t\t<h4 class=\"elementor-heading-title elementor-size-default\">FALE CONOSCO<\/h4>\t\t<\/div>\n\t\t\t\t<\/div>\n\t\t\t\t<section class=\"elementor-section elementor-inner-section elementor-element elementor-element-4e664c53 elementor-section-boxed elementor-section-height-default elementor-section-height-default\" data-id=\"4e664c53\" data-element_type=\"section\">\n\t\t\t\t\t\t<div class=\"elementor-container elementor-column-gap-default\">\n\t\t\t\t\t<div class=\"elementor-column elementor-col-50 elementor-inner-column elementor-element elementor-element-216581db\" data-id=\"216581db\" data-element_type=\"column\">\n\t\t\t<div class=\"elementor-widget-wrap elementor-element-populated\">\n\t\t\t\t\t\t\t\t<div class=\"elementor-element elementor-element-2c73ace8 elementor-widget elementor-widget-heading\" data-id=\"2c73ace8\" data-element_type=\"widget\" data-widget_type=\"heading.default\">\n\t\t\t\t<div class=\"elementor-widget-container\">\n\t\t\t<div class=\"elementor-heading-title elementor-size-default\">ENDERE\u00c7O<\/div>\t\t<\/div>\n\t\t\t\t<\/div>\n\t\t\t\t<div class=\"elementor-element elementor-element-6f76f89b elementor-widget elementor-widget-text-editor\" data-id=\"6f76f89b\" data-element_type=\"widget\" data-widget_type=\"text-editor.default\">\n\t\t\t\t<div class=\"elementor-widget-container\">\n\t\t\t\t\t\t\t<p>Rua Godoy Neto, 123.\u00a0<br \/>Olaria, Lorena &#8211; SP<\/p>\t\t\t\t\t\t<\/div>\n\t\t\t\t<\/div>\n\t\t\t\t\t<\/div>\n\t\t<\/div>\n\t\t\t\t<div class=\"elementor-column elementor-col-50 elementor-inner-column elementor-element elementor-element-ff1eb3e\" data-id=\"ff1eb3e\" data-element_type=\"column\">\n\t\t\t<div class=\"elementor-widget-wrap elementor-element-populated\">\n\t\t\t\t\t\t\t\t<div class=\"elementor-element elementor-element-2cecc9ab elementor-widget elementor-widget-heading\" data-id=\"2cecc9ab\" data-element_type=\"widget\" data-widget_type=\"heading.default\">\n\t\t\t\t<div class=\"elementor-widget-container\">\n\t\t\t<div class=\"elementor-heading-title elementor-size-default\">CONTATOS<\/div>\t\t<\/div>\n\t\t\t\t<\/div>\n\t\t\t\t<div class=\"elementor-element elementor-element-1ccf38c8 elementor-widget elementor-widget-text-editor\" data-id=\"1ccf38c8\" data-element_type=\"widget\" data-widget_type=\"text-editor.default\">\n\t\t\t\t<div class=\"elementor-widget-container\">\n\t\t\t\t\t\t\t<p>Telefone :<\/p><p>(12) 3152-3713<\/p>\t\t\t\t\t\t<\/div>\n\t\t\t\t<\/div>\n\t\t\t\t<div class=\"elementor-element elementor-element-5603fef elementor-widget elementor-widget-text-editor\" data-id=\"5603fef\" data-element_type=\"widget\" data-widget_type=\"text-editor.default\">\n\t\t\t\t<div class=\"elementor-widget-container\">\n\t\t\t\t\t\t\t<p>Email : contato@moliveirapintoadvocacia.com.br<\/p>\t\t\t\t\t\t<\/div>\n\t\t\t\t<\/div>\n\t\t\t\t\t<\/div>\n\t\t<\/div>\n\t\t\t\t\t\t\t<\/div>\n\t\t<\/section>\n\t\t\t\t<section class=\"elementor-section elementor-inner-section elementor-element elementor-element-1645ec7a elementor-section-boxed elementor-section-height-default elementor-section-height-default\" data-id=\"1645ec7a\" data-element_type=\"section\">\n\t\t\t\t\t\t<div class=\"elementor-container elementor-column-gap-default\">\n\t\t\t\t\t<div class=\"elementor-column elementor-col-50 elementor-inner-column elementor-element elementor-element-a028803\" data-id=\"a028803\" data-element_type=\"column\">\n\t\t\t<div class=\"elementor-widget-wrap elementor-element-populated\">\n\t\t\t\t\t\t\t\t<div class=\"elementor-element elementor-element-4526701c elementor-widget elementor-widget-heading\" data-id=\"4526701c\" data-element_type=\"widget\" data-widget_type=\"heading.default\">\n\t\t\t\t<div class=\"elementor-widget-container\">\n\t\t\t<div class=\"elementor-heading-title elementor-size-default\">Redes sociais<\/div>\t\t<\/div>\n\t\t\t\t<\/div>\n\t\t\t\t<div class=\"elementor-element elementor-element-2f83d997 elementor-widget elementor-widget-text-editor\" data-id=\"2f83d997\" data-element_type=\"widget\" data-widget_type=\"text-editor.default\">\n\t\t\t\t<div class=\"elementor-widget-container\">\n\t\t\t\t\t\t\t<p><a href=\"https:\/\/api.whatsapp.com\/send?phone=5512996113713\" target=\"_blank\" rel=\"noopener\"><img decoding=\"async\" loading=\"lazy\" class=\"alignleft wp-image-453\" src=\"http:\/\/moliveirapintoadvocacia.com.br\/wp-content\/uploads\/2022\/06\/whatsapp-icone-1-300x300.png\" alt=\"\" width=\"49\" height=\"49\" srcset=\"https:\/\/moliveirapintoadvocacia.com.br\/wp-content\/uploads\/2022\/06\/whatsapp-icone-1-300x300.png 300w, https:\/\/moliveirapintoadvocacia.com.br\/wp-content\/uploads\/2022\/06\/whatsapp-icone-1-1020x1024.png 1020w, https:\/\/moliveirapintoadvocacia.com.br\/wp-content\/uploads\/2022\/06\/whatsapp-icone-1-150x150.png 150w, https:\/\/moliveirapintoadvocacia.com.br\/wp-content\/uploads\/2022\/06\/whatsapp-icone-1-768x771.png 768w, https:\/\/moliveirapintoadvocacia.com.br\/wp-content\/uploads\/2022\/06\/whatsapp-icone-1-1529x1536.png 1529w, https:\/\/moliveirapintoadvocacia.com.br\/wp-content\/uploads\/2022\/06\/whatsapp-icone-1-2039x2048.png 2039w\" sizes=\"(max-width: 49px) 100vw, 49px\" \/><\/a><a href=\"https:\/\/www.instagram.com\/advocacia.mop\/\" target=\"_blank\" rel=\"noopener\"><img decoding=\"async\" loading=\"lazy\" class=\"alignleft wp-image-452\" src=\"http:\/\/moliveirapintoadvocacia.com.br\/wp-content\/uploads\/2022\/06\/Ig-e1654869205354-300x298.png\" alt=\"\" width=\"46\" height=\"46\" srcset=\"https:\/\/moliveirapintoadvocacia.com.br\/wp-content\/uploads\/2022\/06\/Ig-e1654869205354-300x300.png 300w, https:\/\/moliveirapintoadvocacia.com.br\/wp-content\/uploads\/2022\/06\/Ig-e1654869205354-1024x1018.png 1024w, https:\/\/moliveirapintoadvocacia.com.br\/wp-content\/uploads\/2022\/06\/Ig-e1654869205354-150x150.png 150w, https:\/\/moliveirapintoadvocacia.com.br\/wp-content\/uploads\/2022\/06\/Ig-e1654869205354-768x764.png 768w, https:\/\/moliveirapintoadvocacia.com.br\/wp-content\/uploads\/2022\/06\/Ig-e1654869205354.png 1028w\" sizes=\"(max-width: 46px) 100vw, 46px\" \/><\/a><span style=\"outline-color: initial; outline-style: initial;\"><span style=\"outline-color: initial; outline-style: initial;\"><a href=\"https:\/\/www.facebook.com\/advocacia.mop\" target=\"_blank\" rel=\"noopener\"><img decoding=\"async\" loading=\"lazy\" class=\"alignleft wp-image-451\" src=\"http:\/\/moliveirapintoadvocacia.com.br\/wp-content\/uploads\/2022\/06\/facebook-logo-3-1-300x300.png\" alt=\"\" width=\"46\" height=\"46\" srcset=\"https:\/\/moliveirapintoadvocacia.com.br\/wp-content\/uploads\/2022\/06\/facebook-logo-3-1-300x300.png 300w, https:\/\/moliveirapintoadvocacia.com.br\/wp-content\/uploads\/2022\/06\/facebook-logo-3-1-1024x1024.png 1024w, https:\/\/moliveirapintoadvocacia.com.br\/wp-content\/uploads\/2022\/06\/facebook-logo-3-1-150x150.png 150w, https:\/\/moliveirapintoadvocacia.com.br\/wp-content\/uploads\/2022\/06\/facebook-logo-3-1-768x768.png 768w, https:\/\/moliveirapintoadvocacia.com.br\/wp-content\/uploads\/2022\/06\/facebook-logo-3-1.png 1440w\" sizes=\"(max-width: 46px) 100vw, 46px\" \/><\/a><\/span><\/span><\/p>\t\t\t\t\t\t<\/div>\n\t\t\t\t<\/div>\n\t\t\t\t<div class=\"elementor-element elementor-element-1a61160f elementor-widget elementor-widget-text-editor\" data-id=\"1a61160f\" data-element_type=\"widget\" data-widget_type=\"text-editor.default\">\n\t\t\t\t<div class=\"elementor-widget-container\">\n\t\t\t\t\t\t\t\t\t\t\t\t\t<\/div>\n\t\t\t\t<\/div>\n\t\t\t\t\t<\/div>\n\t\t<\/div>\n\t\t\t\t<div class=\"elementor-column elementor-col-50 elementor-inner-column elementor-element elementor-element-57e13a44\" data-id=\"57e13a44\" data-element_type=\"column\">\n\t\t\t<div class=\"elementor-widget-wrap elementor-element-populated\">\n\t\t\t\t\t\t\t\t<div class=\"elementor-element elementor-element-4d548f57 elementor-widget elementor-widget-heading\" data-id=\"4d548f57\" data-element_type=\"widget\" data-widget_type=\"heading.default\">\n\t\t\t\t<div class=\"elementor-widget-container\">\n\t\t\t<div class=\"elementor-heading-title elementor-size-default\">HOR\u00c1RIO DE FUNCIONAMENTO<\/div>\t\t<\/div>\n\t\t\t\t<\/div>\n\t\t\t\t<div class=\"elementor-element elementor-element-4d93affd elementor-widget elementor-widget-text-editor\" data-id=\"4d93affd\" data-element_type=\"widget\" data-widget_type=\"text-editor.default\">\n\t\t\t\t<div class=\"elementor-widget-container\">\n\t\t\t\t\t\t\t<p><strong>SEGUNDA A SEXTA<\/strong><\/p><p>DAS 08:00 &#8211; 18:00<\/p>\t\t\t\t\t\t<\/div>\n\t\t\t\t<\/div>\n\t\t\t\t<div class=\"elementor-element elementor-element-648393cb elementor-widget elementor-widget-text-editor\" data-id=\"648393cb\" data-element_type=\"widget\" data-widget_type=\"text-editor.default\">\n\t\t\t\t<div class=\"elementor-widget-container\">\n\t\t\t\t\t\t\t\t\t\t\t\t\t<\/div>\n\t\t\t\t<\/div>\n\t\t\t\t\t<\/div>\n\t\t<\/div>\n\t\t\t\t\t\t\t<\/div>\n\t\t<\/section>\n\t\t\t\t\t<\/div>\n\t\t<\/div>\n\t\t\t\t\t\t\t<\/div>\n\t\t<\/section>\n\t\t\t\t\t\t\t<\/div>\n\t\t","protected":false},"excerpt":{"rendered":"<p>QUEM SOMOS \u00a0 \u00a0 \u00a0 \u00a0 \u00a0 \u00a0 \u00a0 \u00a0 \u00a0Somos o MACHADO OLIVEIRA PINTO SOCIEDADE INDIVIDUAL DE ADVOCACIA \u00a0 \u00a0 \u00a0 \u00a0 \u00a0 \u00a0 \u00a0 \u00a0 Escrit\u00f3rio de advocacia localizado na cidade de Lorena-SP, que atua em quest\u00f5es trabalhistas, defendendo o direito dos empregados e da empresa, atuando na solu\u00e7\u00e3o e preven\u00e7\u00e3o de lit\u00edgios,&hellip;<\/p>\n","protected":false},"author":1,"featured_media":0,"parent":0,"menu_order":0,"comment_status":"closed","ping_status":"closed","template":"","meta":{"om_disable_all_campaigns":false,"_monsterinsights_skip_tracking":false,"_monsterinsights_sitenote_active":false,"_monsterinsights_sitenote_note":"","_monsterinsights_sitenote_category":0,"_ti_tpc_template_sync":false,"_ti_tpc_template_id":""},"_links":{"self":[{"href":"https:\/\/moliveirapintoadvocacia.com.br\/index.php\/wp-json\/wp\/v2\/pages\/576"}],"collection":[{"href":"https:\/\/moliveirapintoadvocacia.com.br\/index.php\/wp-json\/wp\/v2\/pages"}],"about":[{"href":"https:\/\/moliveirapintoadvocacia.com.br\/index.php\/wp-json\/wp\/v2\/types\/page"}],"author":[{"embeddable":true,"href":"https:\/\/moliveirapintoadvocacia.com.br\/index.php\/wp-json\/wp\/v2\/users\/1"}],"replies":[{"embeddable":true,"href":"https:\/\/moliveirapintoadvocacia.com.br\/index.php\/wp-json\/wp\/v2\/comments?post=576"}],"version-history":[{"count":67,"href":"https:\/\/moliveirapintoadvocacia.com.br\/index.php\/wp-json\/wp\/v2\/pages\/576\/revisions"}],"predecessor-version":[{"id":1145,"href":"https:\/\/moliveirapintoadvocacia.com.br\/index.php\/wp-json\/wp\/v2\/pages\/576\/revisions\/1145"}],"wp:attachment":[{"href":"https:\/\/moliveirapintoadvocacia.com.br\/index.php\/wp-json\/wp\/v2\/media?parent=576"}],"curies":[{"name":"wp","href":"https:\/\/api.w.org\/{rel}","templated":true}]}}